16, what is -2f + -4d?
-7c
In base 11, what is -69 - -64?
-5
In base 3, what is -11011 - 1201?
-12212
In base 2, what is -10000001000100 + 11?
-10000001000001
In base 11, what is 35 - 16?
1a
In base 7, what is 25 + 0?
25
In base 13, what is -275c - -1?
-275b
In base 11, what is 5 + 100?
105
In base 3, what is -220101 + 11?
-220020
In base 16, what is -1 - -1eae?
1ead
In base 3, what is -11101011 - -10?
-11101001
In base 8, what is -62 + 25?
-35
In base 5, what is 31432 - -1?
31433
In base 12, what is -b24 - 4?
-b28
In base 3, what is -122 - 12211?
-20110
In base 13, what is -1ab4 - -3?
-1ab1
In base 13, what is 19905 + -2?
19903
In base 5, what is 0 + -203?
-203
In base 5, what is 1102 + -4?
1043
In base 8, what is 7 - -175?
204
In base 13, what is -2c + 7?
-25
In base 6, what is -10 + -244?
-254
In base 9, what is -5 + -262?
-267
In base 12, what is 13b + 48?
187
In base 6, what is -5 - 132?
-141
In base 3, what is 101 - 1001?
-200
In base 8, what is 2 - 31?
-27
In base 7, what is -3 + -1?
-4
In base 12, what is 2721 - -2?
2723
In base 15, what is 3 - 11?
-d
In base 6, what is 0 + -5132?
-5132
In base 15, what is 1 - 1b6?
-1b5
In base 16, what is -a4c - 2?
-a4e
In base 2, what is 1101011100 - -10?
1101011110
In base 15, what is 2 - -8b?
8d
In base 15, what is 9 - -4?
d
In base 10, what is -3 + 265?
262
In base 4, what is -2031100 + 2?
-2031032
In base 10, what is 1369 - -5?
1374
In base 4, what is -11 + 13?
2
In base 13, what is -65 - 3?
-68
In base 15, what is -12a7 - -1?
-12a6
In base 16, what is 2 - -89f?
8a1
In base 5, what is 22230 + -3?
22222
In base 6, what is -10213 + -5?
-10222
In base 3, what is -200 - -22?
-101
In base 10, what is 1742 + 3?
1745
In base 4, what is -11 - -112?
101
In base 2, what is 1 - -1101000111?
1101001000
In base 15, what is -6 + 7ca?
7c4
In base 12, what is -1 - a?
-b
In base 9, what is -263 + 8?
-254
In base 12, what is 156 + 5?
15b
In base 15, what is -138 - 5?
-13d
In base 4, what is -10 - -23?
13
In base 3, what is 0 + 11?
11
In base 7, what is 2 + -506?
-504
In base 14, what is 9 - 61?
-56
In base 2, what is -1011000000 - -10001?
-1010101111
In base 12, what is 1 + -3b?
-3a
In base 4, what is -221 - 12032?
-12313
In base 9, what is 5 + 238?
244
In base 5, what is -444 - -102?
-342
In base 5, what is -10423 + -4?
-10432
In base 13, what is 1 + 47?
48
In base 4, what is 11032 - -1?
11033
In base 15, what is -2 - -45?
43
In base 7, what is 5 - -115?
123
In base 14, what is -d3 - 0?
-d3
In base 9, what is -1 - 12?
-13
In base 16, what is 155 + 8?
15d
In base 2, what is 10011100 - 1?
10011011
In base 12, what is -6 + -53?
-59
In base 3, what is 22 - -112?
211
In base 12, what is -135 - 5?
-13a
In base 15, what is -5 - 71?
-76
In base 4, what is 13 - 302?
-223
In base 13, what is -6 - -17?
11
In base 2, what is 1011001001 - -11?
1011001100
In base 7, what is -1103 - -56?
-1014
In base 12, what is -29 - 0?
-29
In base 7, what is -62 - 520?
-612
In base 5, what is -101 - -114?
13
In base 8, what is -7 - -64?
55
In base 14, what is 4 - 24?
-20
In base 13, what is -1 + -c90?
-c91
In base 4, what is 3303 + 1?
3310
In base 14, what is -24 + 17?
-b
In base 10, what is -133 - 0?
-133
In base 4, what is 23 - 3332?
-3303
In base 3, what is 2 + -12012?
-12010
In base 7, what is -4 + 1?
-3
In base 4, what is -2 - -113330?
113322
In base 9, what is 4 - -855?
860
In base 8, what is -261 - -20?
-241
In base 5, what is -4034 + -10?
-4044
In base 14, what is 6 + d?
15
In base 12, what is 63b - -5?
644
In base 3, what is -120 + -1210022?
-1210212
In base 10, what is 7 + 48?
55
In base 15, what is -107 - -7?
-100
In base 12, what is 11 + -7?
6
In base 2, what is 10100101000101 - -11?
10100101001000
In base 10, what is 3 - -34?
37
In base 9, what is 0 + 2302?
2302
In base 10, what is 5 - 273?
-268
In base 15, what is 25 + 10?
35
In base 9, what is -1431 + -2?
-1433
In base 5, what is -3 + 11?
3
In base 7, what is 110 + 1?
111
In base 16, what is -c + e0?
d4
In base 5, what is -323 + 22?
-301
In base 8, what is -55 + 1?
-54
In base 7, what is -2 + -6153?
-6155
In base 11, what is -36 + -15?
-50
In base 11, what is -11 + 0?
-11
In base 4, what is -10 + -232?
-302
In base 4, what is 22 - 11011?
-10323
In base 5, what is -1 + -4010?
-4011
In base 10, what is 224 - -4?
228
In base 2, what is 1000001010000 - 100?
1000001001100
In base 12, what is 3 - 45b0?
-45a9
In base 4, what is 102 + 23?
131
In base 16, what is 17f + -22?
15d
In base 7, what is 125 - -111?
236
In base 7, what is -6 - -61?
52
In base 8, what is 4 - 354?
-350
In base 13, what is 130 + 7?
137
In base 3, what is 2221 + 102?
10100
In base 3, what is 111200 - -1000?
112200
In base 12, what is 41 - -40?
81
In base 8, what is 2 + 15?
17
In base 8, what is 266 - -171?
457
In base 6, what is -124 - 5?
-133
In base 8, what is -2 - 57?
-61
In base 12, what is -b + -9a?
-a9
In base 12, what is -b + -6?
-15
In base 4, what is 1 + -2?
-1
In base 9, what is -3 + 216?
213
In base 13, what is -2 - -7c4?
7c2
In base 10, what is -13 - -6?
-7
In base 13, what is 36 + 4c?
85
In base 15, what is 29 + 10?
39
In base 8, what is -554 - 1?
-555
In base 14, what is 1643 - 0?
1643
In base 2, what is -101000110100001 + -1?
-101000110100010
In base 10, what is -15 + -62?
-77
In base 2, what is 1 + -110000?
-101111
In base 5, what is -4131 + 0?
-4131
In base 3, what is -121 + 200?
2
In base 4, what is 211 - 3?
202
In base 7, what is 13 - 1501?
-1455
In base 3, what is 1 - 1120011?
-1120010
In base 9, what is 1 - -1204?
1205
In base 3, what is 11 + 2?
20
In base 16, what is -3 - 70?
-73
In base 10, what is -10 + -27?
-37
In base 11, what is 5 + -537?
-532
In base 4, what is -103 + -23113?
-23222
In base 16, what is -6 - 3?
-9
In base 3, what is 0 - 0?
0
In base 6, what is -1 - -12?
11
In base 5, what is 1023 - 1022?
1
In base 2, what is 10000111 - 1111000?
1111
In base 14, what is 4 - -211?
215
In base 14, what is c2 - d?
b3
In base 8, what is -3 - 66?
-71
In base 8, what is 44 + -60?
-14
In base 10, what is -2 + -26?
-28
In base 13, what is 1 + 3b?
3c
In base 12, what is 1 + -36?
-35
In base 6, what is 11 - 51501?
-51450
In base 10, what is 1 - -24?
25
In base 3, what is -121 + 1110202?
1110011
In base 6, what is 5 + -103?
-54
In base 16, what is -e - 3?
-11
In base 14, what is 35 - 6?
2d
In base 6, what is 2054 + -20?
2034
In base 13, what is -1 - 161?
-162
In base 8, what is -10 + -10?
-20
In base 8, what is -542 + 1?
-541
In base 12, what is -2 - 5a8?
-5aa
In base 2, what is 1010110 - -101?
1011011
In base 6, what is -34 + -3435?
-3513
In base 16, what is -2d + 4?
-29
In base 5, what is 41 + -2100?
-2004
In base 4, what is 1112 - -10?
1122
In base 5, what is -1141413 + 4?
-1141404
In base 10, what is 1930 - 0?
1930
In base 11, what is 5040 - 2?
5039
In base 5, what is 4 + 0?
4
In base 7, what is -2230 - -2?
-2225
In base 4, what is -23120 - -2?
-23112
In base 9, what is 11440 + -5?
11434
In base 15, what is b62 - 2?
b60
In base 8, what is 434 + -4?
430
In base 13, what is 83 - -4?
87
In base 4, what is -1 - 20202?
-20203
In base 3, what is 12202000 - -1?
12202001
In base 3, what is -10 + 11012?
11002
In base 16, what is -4 + c97?
c93
In base 12, what is -1 - 1216?
-1217
In base 3, what is 1 + 21220?
21221
In base 8, what is -22 + -34?
-56
In base 3, what is 1 - -1121?
1122
In base 8, what is 103 - -2?
105
In base 13, what is -107 + -4?
-10b
In base 2, what is 11 - -100010010?
100010101
In base 11, what is -1 - -184?
183
In base 13, what is c0 + -3?
ba
In base 12, what is 3b3 + -11?
3a2
In base 12, what is -29 - a5?
-112
In base 3, what is 10102 + -12?
10020
In base 2, what is 0 - 111111011110?
-111111011110
In base 10, what is -13 + -1?
-14
In base 2, what is 101 - -100011010001?
100011010110
In base 3, what is -12201 - 2?
-12210
In base 10, what is 5 - 11?
-6
In base 2, what is -100101 - -100?
-100001
In base 9, what is -24 + 3?
-21
In base 9, what is -10 + -13?
-23
In base 2, what is 0 + 100010001100?
100010001100
In base 2, what is -101 - -10110?
10001
In base 6, what is -2543 + 53?
-2450
In base 5, what is 1 - -4403?
4404
In base 15, what is 8 - 8e?
-86
In base 13, what is c4 - -2?
c6
In base 3, what is 12001 - 1?
12000
In base 16, what is -13d - 1a?
-157
In base 16, what is 0 + -1c?
-1